is divided by 150?
11
What is the remainder when 3553 is divided by 1690?
173
What is the remainder when 13155 is divided by 1004?
103
What is the remainder when 17438 is divided by 8406?
626
Calculate the remainder when 321554 is divided by 85.
84
What is the remainder when 35319 is divided by 287?
18
Calculate the remainder when 36089 is divided by 7216.
9
What is the remainder when 111141 is divided by 264?
261
Calculate the remainder when 740 is divided by 56.
12
What is the remainder when 95895 is divided by 5639?
32
Calculate the remainder when 39253 is divided by 14.
11
What is the remainder when 14844 is divided by 781?
5
Calculate the remainder when 617721 is divided by 12112.
9
Calculate the remainder when 49556 is divided by 105.
101
Calculate the remainder when 22250 is divided by 718.
710
Calculate the remainder when 1445 is divided by 25.
20
What is the remainder when 44083 is divided by 9?
1
Calculate the remainder when 252 is divided by 169.
83
Calculate the remainder when 150889 is divided by 98.
67
Calculate the remainder when 1655 is divided by 1013.
642
What is the remainder when 2467 is divided by 805?
52
Calculate the remainder when 7776 is divided by 7462.
314
What is the remainder when 517 is divided by 8?
5
Calculate the remainder when 56385 is divided by 1944.
9
What is the remainder when 270623 is divided by 97?
90
What is the remainder when 30189 is divided by 2012?
9
What is the remainder when 180809 is divided by 3616?
9
Calculate the remainder when 515049 is divided by 684.
681
What is the remainder when 3436 is divided by 156?
4
What is the remainder when 7514 is divided by 148?
114
Calculate the remainder when 41145 is divided by 4.
1
What is the remainder when 7749 is divided by 427?
63
What is the remainder when 2104 is divided by 350?
4
Calculate the remainder when 334890 is divided by 334886.
4
Calculate the remainder when 40114 is divided by 36.
10
Calculate the remainder when 6213 is divided by 3072.
69
What is the remainder when 78782 is divided by 32?
30
Calculate the remainder when 32138 is divided by 1785.
8
What is the remainder when 183208 is divided by 54?
40
What is the remainder when 56248 is divided by 206?
10
What is the remainder when 59836 is divided by 80?
76
Calculate the remainder when 654623 is divided by 1420.
3
Calculate the remainder when 257266 is divided by 262.
244
What is the remainder when 1350 is divided by 438?
36
What is the remainder when 17137 is divided by 8543?
51
What is the remainder when 3808 is divided by 1099?
511
What is the remainder when 11613 is divided by 3869?
6
Calculate the remainder when 62824 is divided by 20939.
7
Calculate the remainder when 26585 is divided by 592.
537
What is the remainder when 30494 is divided by 91?
9
Calculate the remainder when 1231657 is divided by 87.
85
What is the remainder when 2096 is divided by 258?
32
What is the remainder when 37340 is divided by 1037?
8
Calculate the remainder when 4555 is divided by 53.
50
Calculate the remainder when 449 is divided by 114.
107
Calculate the remainder when 36474 is divided by 618.
12
What is the remainder when 87684 is divided by 65?
64
What is the remainder when 5797 is divided by 5793?
4
Calculate the remainder when 8484 is divided by 1690.
34
What is the remainder when 536525 is divided by 41271?
2
What is the remainder when 341 is divided by 11?
0
What is the remainder when 18586 is divided by 405?
361
Calculate the remainder when 223788 is divided by 322.
320
What is the remainder when 45677 is divided by 74?
19
Calculate the remainder when 36129 is divided by 17929.
271
What is the remainder when 51963 is divided by 406?
401
Calculate the remainder when 19201 is divided by 66.
61
Calculate the remainder when 3551 is divided by 90.
41
Calculate the remainder when 16705 is divided by 265.
10
Calculate the remainder when 6916 is divided by 381.
58
What is the remainder when 9552 is divided by 268?
172
Calculate the remainder when 10006 is divided by 622.
54
What is the remainder when 6589 is divided by 19?
15
Calculate the remainder when 4076 is divided by 934.
340
What is the remainder when 9938 is divided by 993?
8
Calculate the remainder when 7171 is divided by 327.
304
Calculate the remainder when 19015 is divided by 6325.
40
Calculate the remainder when 2323411 is divided by 491.
490
Calculate the remainder when 30889 is divided by 38.
33
What is the remainder when 3309 is divided by 1347?
615
Calculate the remainder when 35518 is divided by 2089.
5
What is the remainder when 210364 is divided by 13?
11
Calculate the remainder when 4165726 is divided by 24.
22
Calculate the remainder when 6685 is divided by 202.
19
What is the remainder when 319633 is divided by 78?
67
Calculate the remainder when 98470 is divided by 32819.
13
What is the remainder when 4111358 is divided by 320?
318
What is the remainder when 11493 is divided by 40?
13
What is the remainder when 375 is divided by 172?
31
What is the remainder when 76140 is divided by 301?
288
Calculate the remainder when 2827838 is divided by 32.
30
What is the remainder when 52348 is divided by 92?
0
What is the remainder when 936656 is divided by 269?
267
Calculate the remainder when 53527 is divided by 129.
121
What is the remainder when 531022 is divided by 74?
72
What is the remainder when 7099 is divided by 6995?
104
What is the remainder when 483 is divided by 123?
114
Calculate the remainder when 2918 is divided by 471.
92
Calculate the remainder when 8551 is divided by 209.
191
What is the remainder when 3651 is divided by 386?
177
Calculate the remainder when 4579 is divided by 35.
29
What is the remainder when 4794 is divided by 2395?
4
Calculate the remainder when 479 is divided by 236.
7
What is the remainder when 530782 is divided by 16?
14
What is the remainder when 967 is divided by 123?
106
Calculate the remainder when 35609 is divided by 1485.
1454
Calculate the remainder when 6271 is divided by 204.
151
Calculate the remainder when 99493 is divided by 9949.
3
What is the remainder when 49174 is divided by 384?
22
What is the remainder when 58857 is divided by 436?
433
Calculate the remainder when 383 is divided by 341.
42
Calculate the remainder when 77994 is divided by 124.
122
What is the remainder when 7157 is divided by 958?
451
Calculate the remainder when 9382 is divided by 670.
2
Calculate the remainder when 648 is divided by 613.
35
What is the remainder when 175944 is divided by 5?
4
Calculate the remainder when 4414 is divided by 878.
24
What is the remainder when 1743 is divided by 545?
108
What is the remainder when 4374 is divided by 4368?
6
What is the remainder when 30911 is divided by 56?
55
What is the remainder when 96790 is divided by 24?
22
What is the remainder when 1426 is divided by 462?
40
What is the remainder when 19060 is divided by 123?
118
What is the remainder when 51916 is divided by 23?
5
Calculate the remainder when 353515 is divided by 24.
19
What is the remainder when 2339 is divided by 41?
2
What is the remainder when 2949 is divided by 1016?
917
Calculate the remainder when 128058 is divided by 32.
26
What is the remainder when 27362 is divided by 311?
305
What is the remainder when 3205428 is divided by 730?
728
What is the remainder when 36182 is divided by 182?
146
What is the remainder when 53692 is divided by 18?
16
Calculate the remainder when 1440 is divided by 291.
276
What is the remainder when 3866 is divided by 183?
23
What is the remainder when 6385 is divided by 52?
41
What is the remainder when 4856 is divided by 4028?
828
What is the remainder when 14284 is divided by 1424?
44
What is the remainder when 815952 is divided by 105?
102
What is the remainder when 15530 is divided by 1406?
64
What is the remainder when 10060 is divided by 5009?
42
What is the remainder when 1921492 is divided by 640494?
10
Calculate the remainder when 79114 is divided by 620.
374
What is the remainder when 89111 is divided by 29542?
485
Calculate the remainder when 5056 is divided by 1680.
16
What is the remainder when 4306 is divided by 1713?
880
What is the remainder when 12786 is divided by 12775?
11
What is the remainder when 40440 is divided by 64?
56
Calculate the remainde